{"id":256,"date":"2016-03-21T16:20:41","date_gmt":"2016-03-21T16:20:41","guid":{"rendered":"http:\/\/www.gaiarestauracion.com\/empresa\/?page_id=256"},"modified":"2016-06-06T10:15:10","modified_gmt":"2016-06-06T10:15:10","slug":"videos-y-medios-2","status":"publish","type":"page","link":"https:\/\/www.gaiarestauracion.com\/empresa\/videos-y-medios-2\/","title":{"rendered":"V\u00eddeos y medios"},"content":{"rendered":"<div class=\"wpb-content-wrapper\">[vc_row][vc_column]<style>.vcex-heading.vcex_69f9cdc83db2b{font-family:'Trebuchet MS', Helvetica, sans-serif;line-height:110%;}<\/style><h2 class=\"vcex-heading vcex-heading-plain vcex-module wpex-heading wpex-text-2xl wpex-text-left wpex-italic vcex_69f9cdc83db2b\"><span class=\"vcex-heading-inner wpex-block\"><span class=\"wpex-responsive-txt\" data-max-font-size=\"41\" data-data-min-font-size=\"24\">Videoteca Gaia<\/span><\/span><\/h2>[\/vc_column][\/vc_row][vc_row][vc_column][vc_column_text]Gaia tiene capacidad para realizar y editar v\u00eddeos exclusivos sobre los procesos de restauraci\u00f3n que realiza. \u00a0 Estos v\u00eddeos son muy \u00fatiles oara exposiciones, difusi\u00f3n, did\u00e1ctica de la restauraci\u00f3n, etc. Valgan los aqu\u00ed recogidos como ejemplo.<\/p>\n<p>Si desea conocer todos los interesantes v\u00eddeos realizados por Gaia, tanto en su faceta de empresa, as\u00ed como de escuela de arte y restauraci\u00f3n, aconsejamos consultar nuestro <strong><a href=\"https:\/\/www.youtube.com\/watch?v=a6UVlZRmKVY\" target=\"_blank\" rel=\"noopener\">Canal de You Tube<\/a><\/strong>[\/vc_column_text][\/vc_column][\/vc_row][vc_row][vc_column][vc_text_separator title=\u00bbV\u00eddeos generales de restauraci\u00f3n\u00bb][\/vc_column][\/vc_row][vc_row][vc_column][vc_video link=\u00bbhttps:\/\/www.youtube.com\/watch?v=a6UVlZRmKVY\u00bb][\/vc_column][\/vc_row][vc_row][vc_column][vc_text_separator title=\u00bbV\u00eddeos de restauraci\u00f3n de pintura: \u00ab][\/vc_column][\/vc_row][vc_row][vc_column width=\u00bb1\/2&#8243;][vc_video link=\u00bbhttps:\/\/www.youtube.com\/watch?v=eXAEjGDEvpw\u00bb][\/vc_column][vc_column width=\u00bb1\/2&#8243;][vc_video link=\u00bbhttps:\/\/www.youtube.com\/watch?v=CCmYP4_zDxM\u00bb][\/vc_column][\/vc_row][vc_row][vc_column width=\u00bb1\/2&#8243;][vc_video link=\u00bbhttps:\/\/www.youtube.com\/watch?v=t241OhcibQI\u00bb][\/vc_column][vc_column width=\u00bb1\/2&#8243;][vc_video link=\u00bbhttps:\/\/www.youtube.com\/watch?v=iJ4RtMdxp2o\u00bb][\/vc_column][\/vc_row][vc_row][vc_column][vc_text_separator title=\u00bbV\u00eddeos de restauraci\u00f3n de pintura mural\u00bb][\/vc_column][\/vc_row][vc_row][vc_column][vc_video link=\u00bbhttps:\/\/www.youtube.com\/watch?v=HPgWGGrXEnw\u00bb][\/vc_column][\/vc_row][vc_row][vc_column][vc_text_separator title=\u00bbV\u00eddeos de restauraci\u00f3n de escultura:\u00bb][\/vc_column][\/vc_row][vc_row][vc_column][vc_video link=\u00bbhttps:\/\/www.youtube.com\/watch?v=T8YqmBcrDDs\u00bb][\/vc_column][\/vc_row][vc_row][vc_column css=\u00bb.vc_custom_1465207460930{margin-bottom: 80px !important;}\u00bb][vc_text_separator title=\u00bbV\u00eddeos de restauraci\u00f3n de textiles\u00bb][\/vc_column][\/vc_row][vc_row][vc_column width=\u00bb1\/2&#8243;][vc_video link=\u00bbhttps:\/\/www.youtube.com\/watch?v=OggLA0M_Qjc\u00bb][\/vc_column][vc_column width=\u00bb1\/2&#8243;][vc_video link=\u00bbhttps:\/\/www.youtube.com\/watch?v=gVquPokBUDA\u00bb][\/vc_column][\/vc_row]\n<\/div>","protected":false},"excerpt":{"rendered":"<p>[vc_row][vc_column][\/vc_column][\/vc_row][vc_row][vc_column][vc_column_text]Gaia tiene capacidad para realizar y editar v\u00eddeos exclusivos sobre los procesos de restauraci\u00f3n que realiza. \u00a0 Estos v\u00eddeos son muy \u00fatiles oara exposiciones, difusi\u00f3n, did\u00e1ctica de la restauraci\u00f3n, etc. Valgan los aqu\u00ed recogidos como ejemplo. Si desea conocer todos los interesantes v\u00eddeos realizados por Gaia, tanto en su faceta de empresa, as\u00ed como de&hellip;<\/p>\n","protected":false},"author":1,"featured_media":0,"parent":0,"menu_order":0,"comment_status":"closed","ping_status":"closed","template":"","meta":{"footnotes":""},"_links":{"self":[{"href":"https:\/\/www.gaiarestauracion.com\/empresa\/wp-json\/wp\/v2\/pages\/256"}],"collection":[{"href":"https:\/\/www.gaiarestauracion.com\/empresa\/wp-json\/wp\/v2\/pages"}],"about":[{"href":"https:\/\/www.gaiarestauracion.com\/empresa\/wp-json\/wp\/v2\/types\/page"}],"author":[{"embeddable":true,"href":"https:\/\/www.gaiarestauracion.com\/empresa\/wp-json\/wp\/v2\/users\/1"}],"replies":[{"embeddable":true,"href":"https:\/\/www.gaiarestauracion.com\/empresa\/wp-json\/wp\/v2\/comments?post=256"}],"version-history":[{"count":15,"href":"https:\/\/www.gaiarestauracion.com\/empresa\/wp-json\/wp\/v2\/pages\/256\/revisions"}],"predecessor-version":[{"id":694,"href":"https:\/\/www.gaiarestauracion.com\/empresa\/wp-json\/wp\/v2\/pages\/256\/revisions\/694"}],"wp:attachment":[{"href":"https:\/\/www.gaiarestauracion.com\/empresa\/wp-json\/wp\/v2\/media?parent=256"}],"curies":[{"name":"wp","href":"https:\/\/api.w.org\/{rel}","templated":true}]}}